00?
6
What is the hundred thousands digit of 75908982?
9
What is the millions digit of 939207171?
9
What is the ten millions digit of 541104855?
4
What is the ten thousands digit of 2061957?
6
What is the hundred thousands digit of 101047738?
0
What is the units digit of 1781986184?
4
What is the hundreds digit of 1698546481?
4
What is the units digit of 130946889?
9
What is the tens digit of 29179308?
0
What is the thousands digit of 17898046?
8
What is the millions digit of 37318853?
7
What is the hundreds digit of 1429966554?
5
What is the hundred millions digit of 126394540?
1
What is the hundreds digit of 44699919?
9
What is the ten millions digit of 2029247208?
2
What is the millions digit of 26646342?
6
What is the units digit of 1515333331?
1
What is the hundreds digit of 30096788?
7
What is the thousands digit of 801477886?
7
What is the thousands digit of 364014912?
4
What is the hundred millions digit of 210873291?
2
What is the units digit of 220325647?
7
What is the ten millions digit of 1416152615?
1
What is the thousands digit of 12034586?
4
What is the units digit of 104403745?
5
What is the tens digit of 571024222?
2
What is the hundred thousands digit of 228814660?
8
What is the ten millions digit of 242356692?
4
What is the thousands digit of 1842179963?
9
What is the millions digit of 332318827?
2
What is the thousands digit of 284426786?
6
What is the thousands digit of 58798205?
8
What is the hundred thousands digit of 57650913?
6
What is the millions digit of 68006075?
8
What is the millions digit of 382479751?
2
What is the hundred thousands digit of 140860543?
8
What is the ten millions digit of 2584309139?
8
What is the ten millions digit of 466311720?
6
What is the hundred millions digit of 1870374115?
8
What is the ten thousands digit of 134605231?
0
What is the tens digit of 300526040?
4
What is the ten thousands digit of 820391924?
9
What is the ten millions digit of 829503937?
2
What is the thousands digit of 5731976790?
6
What is the hundred thousands digit of 5274694124?
6
What is the ten millions digit of 55871852?
5
What is the thousands digit of 3874036791?
6
What is the hundred millions digit of 482216108?
4
What is the hundred thousands digit of 206123224?
1
What is the thousands digit of 86356121?
6
What is the tens digit of 32029469?
6
What is the units digit of 2905728?
8
What is the units digit of 110383364?
4
What is the ten thousands digit of 1832177162?
7
What is the thousands digit of 41202088?
2
What is the ten millions digit of 124520671?
2
What is the millions digit of 1612734441?
2
What is the hundreds digit of 186491906?
9
What is the units digit of 7611325?
5
What is the hundreds digit of 51841895?
8
What is the hundred thousands digit of 39427154?
4
What is the ten thousands digit of 5648872?
4
What is the millions digit of 754015416?
4
What is the millions digit of 431853444?
1
What is the thousands digit of 292998535?
8
What is the hundred millions digit of 1054128661?
0
What is the thousands digit of 952408849?
8
What is the billions digit of 3340103644?
3
What is the hundred thousands digit of 6512726374?
7
What is the hundreds digit of 1954209902?
9
What is the millions digit of 103716784?
3
What is the hundred thousands digit of 268363414?
3
What is the hundreds digit of 66809581?
5
What is the thousands digit of 169745943?
5
What is the hundred millions digit of 419515940?
4
What is the billions digit of 4217234162?
4
What is the tens digit of 1778758007?
0
What is the ten thousands digit of 726612867?
1
What is the millions digit of 168063798?
8
What is the hundreds digit of 25403703?
7
What is the tens digit of 680124068?
6
What is the hundred millions digit of 1526346937?
5
What is the hundred millions digit of 8247741342?
2
What is the hundred millions digit of 469728133?
4
What is the hundred thousands digit of 102353310?
3
What is the units digit of 797578888?
8
What is the millions digit of 5078978016?
8
What is the tens digit of 94865410?
1
What is the units digit of 233589219?
9
What is the tens digit of 96236654?
5
What is the hundreds digit of 1384902402?
4
What is the ten thousands digit of 1722376560?
7
What is the units digit of 163472?
2
What is the units digit of 32176519?
9
What is the tens digit of 44678181?
8
What is the hundred millions digit of 321628182?
3
What is the ten millions digit of 80254039?
8
What is the hundreds digit of 77402300?
3
What is the millions digit of 817097710?
7
What is the billions digit of 1435742349?
1
What is the units digit of 58254958?
8
What is the ten thousands digit of 54663100?
6
What is the hundred millions digit of 299687857?
2
What is the ten millions digit of 18127744?
1
What is the thousands digit of 217922613?
2
What is the units digit of 2986336556?
6
What is the ten millions digit of 136977698?
3
What is the units digit of 49381885?
5
What is the hundred thousands digit of 117729350?
7
What is the thousands digit of 97471767?
1
What is the tens digit of 214973941?
4
What is the billions digit of 1569635721?
1
What is the hundred thousands digit of 24041955?
0
What is the tens digit of 31649127?
2
What is the thousands digit of 181968975?
8
What is the thousands digit of 796711675?
1
What is the ten thousands digit of 156098890?
9
What is the millions digit of 203833947?
3
What is the thousands digit of 651926610?
6
What is the ten millions digit of 166197855?
6
What is the units digit of 74714331?
1
What is the hundred thousands digit of 881470746?
4
What is the ten thousands digit of 129433812?
3
What is the hundred thousands digit of 56532611?
5
What is the thousands digit of 624943694?
3
What is the millions digit of 374965005?
4
What is the ten millions digit of 52461996?
5
What is the ten thousands digit of 6122248?
2
What is the hundred thousands digit of 501155487?
1
What is the tens digit of 122152965?
6
What is the millions digit of 89122774?
9
What is the ten millions digit of 816924465?
1
What is the hundreds digit of 18689397?
3
What is the units digit of 45975020?
0
What is the millions digit of 187698059?
7
What is the units digit of 2439082040?
0
What is the ten thousands digit of 511857690?
5
What is the millions digit of 33232244?
3
What is the ten thousands digit of 54575465?
7
What is the thousands digit of 133269644?
9
What is the billions digit of 2943697708?
2
What is the tens digit of 459998920?
2
What is the hundreds digit of 13351445?
4
What is the thousands digit of 27435552?
5
What is the millions digit of 13292632?
3
What is the tens digit of 1283172112?
1
What is the tens digit of 183089755?
5
What is the hundreds digit of 502996802?
8
What is the ten thousands digit of 21502297?
0
What is the ten millions digit of 2239180458?
3
What is the thousands digit of 1683430352?
0
What is the ten thousands digit of 280016661?
1
What is the hundred thousands digit of 480505579?
5
What is the tens digit of 24768288?
8
What is the units digit of 9498451?
1
What is the tens digit of 298666759?
5
What is the hundred millions digit of 5915397255?
9
What is the hundred thousands digit of 2335606564?
6
What is the tens digit of 430147158?
5
What is the ten millions digit of 63207415?
6
What is the thousands digit of 5261896696?
6
What is the hundred thousands digit of 6809550952?
5
What is the hundreds digit of 107215024?
0
What is the hundreds digit of 143034710?
7
What is the ten thousands digit of 183149399?
4
What is the ten millions digit of 16682710?
1
What is the millions digit of 1014060443?
4
What is the ten millions digit of 1559409035?
5
What is the thousands digit of 386159980?
9
What is the hundred thousands digit of 43709407?
7
What is the hundred thousands digit of 700212172?
2
What is the tens digit of 159241882?
8
What is the tens digit of 10327069?
6
What is the units digit of 37256493?
3
What is the ten thousands digit of 2514256624?
5
What is the hundreds digit of 12655637?
6
What is the tens digit of 239305154?
5
What is the thousands digit of 3817685?
7
What is the tens digit of 1532151524?
2
What is the ten millions digit of 101308033?
0
What is the millions digit of 21702138?
1
What is the billions digit of 2824999821?
2
What is the ten thousands digit of 849696463?
9
What is the t